{"id":4277,"date":"2021-01-24T10:53:39","date_gmt":"2021-01-24T09:53:39","guid":{"rendered":"https:\/\/telegram.vestina.eu\/dostava\/"},"modified":"2023-09-28T12:17:22","modified_gmt":"2023-09-28T10:17:22","slug":"dostava","status":"publish","type":"page","link":"https:\/\/telegram.vestina.eu\/hr\/dostava\/","title":{"rendered":"Dostava"},"content":{"rendered":"<p>[et_pb_section fb_built=&#8221;1&#8243; _builder_version=&#8221;4.8.1&#8243; _module_preset=&#8221;default&#8221; background_color=&#8221;rgba(0,0,0,0)&#8221; use_background_color_gradient=&#8221;on&#8221; background_color_gradient_start=&#8221;rgba(104,186,179,0.33)&#8221; background_color_gradient_end=&#8221;rgba(104,186,179,0.33)&#8221; background_image=&#8221;https:\/\/telegram.vestina.eu\/wp-content\/uploads\/2021\/01\/Artboard-1-.jpg&#8221; parallax=&#8221;on&#8221; custom_margin=&#8221;||19px|||&#8221; custom_padding=&#8221;107px||0px|||&#8221;][et_pb_row _builder_version=&#8221;4.7.6&#8243; _module_preset=&#8221;default&#8221;][et_pb_column type=&#8221;4_4&#8243; _builder_version=&#8221;4.7.6&#8243; _module_preset=&#8221;default&#8221;][et_pb_text _builder_version=&#8221;4.8.1&#8243; text_font=&#8221;Cormorant Garamond||||||||&#8221; text_text_color=&#8221;#424a4f&#8221; text_font_size=&#8221;20px&#8221; text_line_height=&#8221;1.8em&#8221; link_font=&#8221;||||||||&#8221; link_text_color=&#8221;#424a4f&#8221; ul_font=&#8221;||||||||&#8221; header_font=&#8221;||||||||&#8221; header_text_color=&#8221;#FFFFFF&#8221; header_2_font=&#8221;||||||||&#8221; header_3_font=&#8221;Montserrat||||||||&#8221; header_3_text_color=&#8221;#FFFFFF&#8221; header_3_font_size=&#8221;45px&#8221; header_3_line_height=&#8221;1.5em&#8221; header_4_font=&#8221;||||||||&#8221; header_5_font=&#8221;Poppins|700||on|||||&#8221; header_5_text_color=&#8221;#FFFFFF&#8221; header_5_letter_spacing=&#8221;15px&#8221; header_5_line_height=&#8221;1.8em&#8221; text_orientation=&#8221;center&#8221; background_layout=&#8221;dark&#8221; width=&#8221;100%&#8221; max_width_tablet=&#8221;100%&#8221; max_width_phone=&#8221;100%&#8221; max_width_last_edited=&#8221;off|desktop&#8221; module_alignment=&#8221;right&#8221; custom_margin=&#8221;-61px|||||&#8221; header_3_font_size_tablet=&#8221;&#8221; header_3_font_size_phone=&#8221;34px&#8221; header_3_font_size_last_edited=&#8221;on|phone&#8221; locked=&#8221;off&#8221;]<\/p>\n<h5>dostava<\/h5>\n<p>[\/et_pb_text][\/et_pb_column][\/et_pb_row][\/et_pb_section][et_pb_section fb_built=&#8221;1&#8243; _builder_version=&#8221;4.6.3&#8243; _module_preset=&#8221;default&#8221; background_color=&#8221;rgba(0,0,0,0)&#8221; custom_margin=&#8221;41px|||||&#8221; custom_padding=&#8221;||0px|||&#8221;][et_pb_row _builder_version=&#8221;4.6.3&#8243; _module_preset=&#8221;default&#8221; width=&#8221;90%&#8221; max_width=&#8221;1242px&#8221;][et_pb_column type=&#8221;4_4&#8243; _builder_version=&#8221;4.6.3&#8243; _module_preset=&#8221;default&#8221;][et_pb_text _builder_version=&#8221;4.9.4&#8243; _module_preset=&#8221;default&#8221; text_font=&#8221;||||||||&#8221; text_text_color=&#8221;#424a4f&#8221; link_text_color=&#8221;#0bb7a6&#8243; header_text_color=&#8221;#424a4f&#8221; background_layout=&#8221;dark&#8221; width=&#8221;80%&#8221; module_alignment=&#8221;center&#8221; custom_margin=&#8221;-61px||-26px|||&#8221;]<\/p>\n<div>\n<p><strong>OBJA\u0160NJENJA O DOSTAVI BRZOJAVA SU\u0106UTI<\/strong><\/p>\n<p>Pri naru\u010divanju brzojava su\u0107uti birate izme\u0111u dvije mogu\u0107nosti:<\/p>\n<p><strong>STANDARDNA DOSTAVA PAKETA SA PAKETA<\/strong><\/p>\n<p>Packeta va\u0161 \u0107e paket i poruku o\u017ealo\u0161\u0107enoj osobi dostaviti standardnom dostavom u roku od <strong>2 do 5 radna dana<\/strong>. U slu\u010daju da \u0107e o\u017ealo\u0161\u0107ena osoba biti odsutna u vrijeme dostave, primit \u0107e tiskanu obavijest o neuspjeloj dostavi i mogu\u0107nosti ponovne dostave paketa na ku\u0107nu adresu.<\/p>\n<p><strong>BRZA DOSTAVA BRZOM PACKETA<\/strong><\/p>\n<p>Pi\u0161ite nam na <strong>shop@emma.si<\/strong> i provjerit \u0107emo mogu\u0107nosti brze dostave. Ostatak \u0107e biti poslan sljede\u0107i dan<\/p>\n<p><strong>Posebnost<\/strong> Brze po\u0161te manji su po\u0161tanski uredi koji \u0107e vam pakete dostaviti tek sljede\u0107i radni dan, unato\u010d tome \u0161to se po\u0161iljka naru\u010duje prije 9:00 sati. Mo\u017eemo vam pru\u017eiti to\u010dne informacije na temelju lokacije primatelja.<\/p>\n<p><strong>Popis poslovnica Po\u0161te Slovenije<\/strong> koje dostavljaju pakete su\u0107uti u Sloveniji isti radni dan pogledajte <span style=\"color: #098ca0;\"><a href=\"https:\/\/www.posta.si\/zasebno-site\/Documents\/Seznami\/Seznam%20Hitre%20poste%20po%20Sloveniji.pdf\" style=\"color: #098ca0;\">OVDJE<\/a><\/span>.<\/p>\n<p>Ako po\u0161tanski ured, na koji \u0161aljete paket, nije na popisu, Po\u0161ta Slovenije va\u0161 \u0107e paket dostaviti sljede\u0107i radni dan.<\/p>\n<p>&nbsp;<\/p>\n<p>Kad va\u0161u narud\u017ebu potvrdimo i otpremimo, primit \u0107ete <strong>PRIJAMNI BROJ PAKETA<\/strong> za jednostavnu provjeru trenutka dostave paketa su\u0107uti o\u017ealo\u0161\u0107enoj osobi.<\/p>\n<p>Na internetskoj stranici <a href=\"https:\/\/sledenje.posta.si\/\"><span style=\"color: #09a096;\">Packeta za pra\u0107enje paketa<\/span><\/a> (https:\/\/tracking.packeta.com\/en_GB\/tracking\/search) na poveznicu Sledenje po\u0161ijk\/Trackig unesite prijamni broj za pra\u0107enje paketa koji \u0107ete primiti e-po\u0161tom na <a href=\"mailto:shop@emma.si,\">shop@Emma.si<\/a>.<\/p>\n<p><span style=\"font-size: 14px;\">Cijena dostave obra\u010dunava se prema cjeniku odabranog dostavlja\u010da.<\/span><\/p>\n<p>Tro\u0161kovi dostave obra\u010dunavaju se u trenutku kupnje u internetskoj trgovini www.telegram.vestina.eu.<\/p>\n<p>&nbsp;<\/p>\n<\/div>\n<div>\n<p>&nbsp;<\/p>\n<\/div>\n<p>[\/et_pb_text][\/et_pb_column][\/et_pb_row][\/et_pb_section]<\/p>\n","protected":false},"excerpt":{"rendered":"<p>dostava OBJA\u0160NJENJA O DOSTAVI BRZOJAVA SU\u0106UTI Pri naru\u010divanju brzojava su\u0107uti birate izme\u0111u dvije mogu\u0107nosti: STANDARDNA DOSTAVA PAKETA SA PAKETA Packeta va\u0161 \u0107e paket i poruku o\u017ealo\u0161\u0107enoj osobi dostaviti standardnom dostavom u roku od 2 do 5 radna dana. U slu\u010daju da \u0107e o\u017ealo\u0161\u0107ena osoba biti odsutna u vrijeme dostave, primit \u0107e tiskanu obavijest o neuspjeloj [&hellip;]<\/p>\n","protected":false},"author":1,"featured_media":0,"parent":0,"menu_order":0,"comment_status":"closed","ping_status":"closed","template":"","meta":{"_et_pb_use_builder":"on","_et_pb_old_content":"","_et_gb_content_width":"","footnotes":""},"class_list":["post-4277","page","type-page","status-publish","hentry"],"_links":{"self":[{"href":"https:\/\/telegram.vestina.eu\/hr\/wp-json\/wp\/v2\/pages\/4277","targetHints":{"allow":["GET"]}}],"collection":[{"href":"https:\/\/telegram.vestina.eu\/hr\/wp-json\/wp\/v2\/pages"}],"about":[{"href":"https:\/\/telegram.vestina.eu\/hr\/wp-json\/wp\/v2\/types\/page"}],"author":[{"embeddable":true,"href":"https:\/\/telegram.vestina.eu\/hr\/wp-json\/wp\/v2\/users\/1"}],"replies":[{"embeddable":true,"href":"https:\/\/telegram.vestina.eu\/hr\/wp-json\/wp\/v2\/comments?post=4277"}],"version-history":[{"count":4,"href":"https:\/\/telegram.vestina.eu\/hr\/wp-json\/wp\/v2\/pages\/4277\/revisions"}],"predecessor-version":[{"id":4363,"href":"https:\/\/telegram.vestina.eu\/hr\/wp-json\/wp\/v2\/pages\/4277\/revisions\/4363"}],"wp:attachment":[{"href":"https:\/\/telegram.vestina.eu\/hr\/wp-json\/wp\/v2\/media?parent=4277"}],"curies":[{"name":"wp","href":"https:\/\/api.w.org\/{rel}","templated":true}]}}

<p>[et_pb_section fb_built=&#8221;1&#8243; _builder_version=&#8221;4.8.1&#8243; _module_preset=&#8221;default&#8221; background_color=&#8221;rgba(0,0,0,0)&#8221; use_background_color_gradient=&#8221;on&#8221; background_color_gradient_start=&#8221;rgba(104,186,179,0.33)&#8221; background_color_gradient_end=&#8221;rgba(104,186,179,0.33)&#8221; background_image=&#8221;https://telegram.vestina.eu/wp-content/uploads/2021/01/Artboard-1-.jpg&#8221; parallax=&#8221;on&#8221; custom_margin=&#8221;||19px|||&#8221; custom_padding=&#8221;107px||0px|||&#8221;][et_pb_row _builder_version=&#8221;4.7.6&#8243; _module_preset=&#8221;default&#8221;][et_pb_column type=&#8221;4_4&#8243; _builder_version=&#8221;4.7.6&#8243; _module_preset=&#8221;default&#8221;][et_pb_text _builder_version=&#8221;4.8.1&#8243; text_font=&#8221;Cormorant Garamond||||||||&#8221; text_text_color=&#8221;#424a4f&#8221; text_font_size=&#8221;20px&#8221; text_line_height=&#8221;1.8em&#8221; link_font=&#8221;||||||||&#8221; link_text_color=&#8221;#424a4f&#8221; ul_font=&#8221;||||||||&#8221; header_font=&#8221;||||||||&#8221; header_text_color=&#8221;#FFFFFF&#8221; header_2_font=&#8221;||||||||&#8221; header_3_font=&#8221;Montserrat||||||||&#8221; header_3_text_color=&#8221;#FFFFFF&#8221; header_3_font_size=&#8221;45px&#8221; header_3_line_height=&#8221;1.5em&#8221; header_4_font=&#8221;||||||||&#8221; header_5_font=&#8221;Poppins|700||on|||||&#8221; header_5_text_color=&#8221;#FFFFFF&#8221; header_5_letter_spacing=&#8221;15px&#8221; header_5_line_height=&#8221;1.8em&#8221; text_orientation=&#8221;center&#8221; background_layout=&#8221;dark&#8221; width=&#8221;100%&#8221; max_width_tablet=&#8221;100%&#8221; max_width_phone=&#8221;100%&#8221; max_width_last_edited=&#8221;off|desktop&#8221; module_alignment=&#8221;right&#8221; custom_margin=&#8221;-61px|||||&#8221; header_3_font_size_tablet=&#8221;&#8221; header_3_font_size_phone=&#8221;34px&#8221; header_3_font_size_last_edited=&#8221;on|phone&#8221; locked=&#8221;off&#8221;]</p>
<h5>dostava</h5>
<p>[/et_pb_text][/et_pb_column][/et_pb_row][/et_pb_section][et_pb_section fb_built=&#8221;1&#8243; _builder_version=&#8221;4.6.3&#8243; _module_preset=&#8221;default&#8221; background_color=&#8221;rgba(0,0,0,0)&#8221; custom_margin=&#8221;41px|||||&#8221; custom_padding=&#8221;||0px|||&#8221;][et_pb_row _builder_version=&#8221;4.6.3&#8243; _module_preset=&#8221;default&#8221; width=&#8221;90%&#8221; max_width=&#8221;1242px&#8221;][et_pb_column type=&#8221;4_4&#8243; _builder_version=&#8221;4.6.3&#8243; _module_preset=&#8221;default&#8221;][et_pb_text _builder_version=&#8221;4.9.4&#8243; _module_preset=&#8221;default&#8221; text_font=&#8221;||||||||&#8221; text_text_color=&#8221;#424a4f&#8221; link_text_color=&#8221;#0bb7a6&#8243; header_text_color=&#8221;#424a4f&#8221; background_layout=&#8221;dark&#8221; width=&#8221;80%&#8221; module_alignment=&#8221;center&#8221; custom_margin=&#8221;-61px||-26px|||&#8221;]</p>
<div>
<p><strong>OBJAŠNJENJA O DOSTAVI BRZOJAVA SUĆUTI</strong></p>
<p>Pri naručivanju brzojava sućuti birate između dvije mogućnosti:</p>
<p><strong>STANDARDNA DOSTAVA PAKETA SA PAKETA</strong></p>
<p>Packeta vaš će paket i poruku ožalošćenoj osobi dostaviti standardnom dostavom u roku od <strong>2 do 5 radna dana</strong>. U slučaju da će ožalošćena osoba biti odsutna u vrijeme dostave, primit će tiskanu obavijest o neuspjeloj dostavi i mogućnosti ponovne dostave paketa na kućnu adresu.</p>
<p><strong>BRZA DOSTAVA BRZOM PACKETA</strong></p>
<p>Pišite nam na <strong>shop@emma.si</strong> i provjerit ćemo mogućnosti brze dostave. Ostatak će biti poslan sljedeći dan</p>
<p><strong>Posebnost</strong> Brze pošte manji su poštanski uredi koji će vam pakete dostaviti tek sljedeći radni dan, unatoč tome što se pošiljka naručuje prije 9:00 sati. Možemo vam pružiti točne informacije na temelju lokacije primatelja.</p>
<p><strong>Popis poslovnica Pošte Slovenije</strong> koje dostavljaju pakete sućuti u Sloveniji isti radni dan pogledajte <span style="color: #098ca0;"><a href="https://www.posta.si/zasebno-site/Documents/Seznami/Seznam%20Hitre%20poste%20po%20Sloveniji.pdf" style="color: #098ca0;">OVDJE</a></span>.</p>
<p>Ako poštanski ured, na koji šaljete paket, nije na popisu, Pošta Slovenije vaš će paket dostaviti sljedeći radni dan.</p>
<p>&nbsp;</p>
<p>Kad vašu narudžbu potvrdimo i otpremimo, primit ćete <strong>PRIJAMNI BROJ PAKETA</strong> za jednostavnu provjeru trenutka dostave paketa sućuti ožalošćenoj osobi.</p>
<p>Na internetskoj stranici <a href="https://sledenje.posta.si/"><span style="color: #09a096;">Packeta za praćenje paketa</span></a> (https://tracking.packeta.com/en_GB/tracking/search) na poveznicu Sledenje pošijk/Trackig unesite prijamni broj za praćenje paketa koji ćete primiti e-poštom na <a href="mailto:shop@emma.si,">shop@Emma.si</a>.</p>
<p><span style="font-size: 14px;">Cijena dostave obračunava se prema cjeniku odabranog dostavljača.</span></p>
<p>Troškovi dostave obračunavaju se u trenutku kupnje u internetskoj trgovini www.telegram.vestina.eu.</p>
<p>&nbsp;</p>
</div>
<div>
<p>&nbsp;</p>
</div>
<p>[/et_pb_text][/et_pb_column][/et_pb_row][/et_pb_section]</p>

<p>dostava OBJAŠNJENJA O DOSTAVI BRZOJAVA SUĆUTI Pri naručivanju brzojava sućuti birate između dvije mogućnosti: STANDARDNA DOSTAVA PAKETA SA PAKETA Packeta vaš će paket i poruku ožalošćenoj osobi dostaviti standardnom dostavom u roku od 2 do 5 radna dana. U slučaju da će ožalošćena osoba biti odsutna u vrijeme dostave, primit će tiskanu obavijest o neuspjeloj [&hellip;]</p>
